highest common divisor of 297022 and 111550.
46
What is the greatest common factor of 9099623 and 376?
47
What is the highest common factor of 53295 and 13953885?
3135
Calculate the greatest common divisor of 261251 and 15.
1
Calculate the highest common divisor of 1344686 and 5282.
278
What is the greatest common divisor of 367202 and 44?
22
What is the greatest common factor of 26603 and 3133402?
719
Calculate the greatest common factor of 624 and 1490359.
13
Calculate the greatest common divisor of 226781 and 754682.
941
Calculate the greatest common factor of 1012598364 and 12.
12
What is the highest common factor of 594 and 50199831?
297
What is the greatest common factor of 13335 and 11469878?
889
Calculate the highest common divisor of 10646121 and 37.
37
What is the highest common divisor of 395245 and 15755?
685
Calculate the greatest common divisor of 211347 and 3818.
23
What is the highest common factor of 171 and 474978777?
57
What is the greatest common divisor of 5377100 and 34510?
170
Calculate the highest common factor of 254208083 and 1574.
787
What is the greatest common divisor of 1852 and 886217188?
1852
What is the highest common factor of 48842895 and 1455?
1455
Calculate the greatest common factor of 20889 and 8753184.
99
Calculate the highest common factor of 7038 and 73452087.
3519
What is the highest common divisor of 225 and 15866850?
75
What is the greatest common divisor of 408485 and 129745?
385
Calculate the greatest common factor of 5104 and 631422220.
1276
Calculate the greatest common divisor of 32517 and 3688873.
3613
Calculate the highest common factor of 146247075 and 1125.
225
What is the greatest common factor of 48760 and 25043504?
184
Calculate the highest common factor of 3342155 and 2300215.
4415
Calculate the greatest common divisor of 31829 and 273.
7
What is the greatest common divisor of 1861 and 1712601999?
1861
What is the greatest common divisor of 319770 and 146421?
1683
What is the highest common divisor of 582008 and 381259?
547
Calculate the highest common divisor of 179200 and 9877.
7
What is the greatest common divisor of 8 and 80376216?
8
What is the highest common factor of 1125617 and 931?
19
Calculate the greatest common divisor of 221186 and 78446.
122
What is the highest common divisor of 496113 and 81630921?
8133
What is the highest common factor of 86476203 and 9?
9
Calculate the greatest common divisor of 1150 and 4088825.
575
Calculate the greatest common factor of 14346 and 862354.
1594
Calculate the greatest common factor of 100 and 3248475.
25
What is the highest common factor of 21460 and 29309140?
580
Calculate the greatest common divisor of 13065 and 877305.
195
Calculate the greatest common divisor of 57420 and 2501250.
870
What is the highest common divisor of 4706 and 41754166?
362
What is the greatest common divisor of 42593510 and 430?
10
Calculate the greatest common factor of 2742 and 8795422.
914
What is the highest common factor of 71 and 122130579?
71
What is the highest common factor of 450396 and 36936?
36
Calculate the greatest common factor of 5968 and 6431266.
746
Calculate the greatest common factor of 64696268 and 4004.
364
Calculate the greatest common divisor of 6436497 and 13509.
57
Calculate the highest common divisor of 299691532 and 56.
28
What is the greatest common factor of 26976 and 11773338?
1686
What is the highest common divisor of 35436778 and 22090?
4418
What is the highest common factor of 419076 and 924?
84
Calculate the greatest common divisor of 1700 and 97550300.
100
Calculate the greatest common divisor of 233551437 and 3885.
777
Calculate the greatest common factor of 51985810 and 30.
10
Calculate the greatest common factor of 7704742 and 818.
818
Calculate the greatest common factor of 33418 and 1089154.
682
What is the highest common divisor of 399554225 and 6692?
1673
What is the greatest common factor of 432 and 23350068?
36
What is the greatest common factor of 564479 and 10048588?
4309
Calculate the greatest common divisor of 7520205 and 8211.
357
What is the highest common factor of 89867624 and 24794?
3542
Calculate the greatest common factor of 1535717460 and 2988.
996
What is the greatest common divisor of 2227 and 1908097?
17
Calculate the highest common factor of 2262880 and 4000.
160
What is the greatest common divisor of 15523489 and 423?
47
What is the highest common factor of 7992 and 235290474?
1998
Calculate the greatest common divisor of 82039089 and 297.
33
Calculate the greatest common factor of 60 and 638688.
12
Calculate the highest common factor of 1956 and 376727556.
1956
Calculate the highest common divisor of 152349 and 83850.
129
Calculate the greatest common divisor of 118493415 and 122.
61
Calculate the highest common factor of 16845 and 68955.
15
What is the greatest common divisor of 37677 and 643153?
661
Calculate the highest common divisor of 203573 and 1300673.
1219
Calculate the greatest common divisor of 5902 and 324870.
26
Calculate the greatest common divisor of 63 and 167073.
3
Calculate the greatest common divisor of 6289033 and 1908.
53
Calculate the greatest common factor of 40407192 and 882.
126
What is the greatest common factor of 95599 and 22687?
49
What is the greatest common divisor of 96264 and 200?
8
Calculate the greatest common divisor of 43 and 600339.
1
What is the highest common divisor of 12825485 and 3495?
1165
Calculate the greatest common divisor of 5368 and 70026.
22
Calculate the highest common factor of 2034716 and 5380.
1076
Calculate the greatest common factor of 2157013 and 67089.
2033
Calculate the greatest common divisor of 17949 and 10819.
31
What is the highest common factor of 37867991 and 7?
7
Calculate the highest common divisor of 1049931 and 603.
9
What is the greatest common factor of 1077051378 and 234?
78
Calculate the highest common factor of 5983039469 and 1397.
1397
What is the greatest common divisor of 6573 and 96873?
21
Calculate the highest common factor of 379386 and 3822.
42
What is the highest common divisor of 192349815 and 595?
595
What is the greatest common factor of 63 and 153578376?
63
What is the greatest common factor of 14907804 and 12?
12
Calculate the highest common factor of 2618 and 46739.
77
What is the greatest common factor of 826 and 2915514?
14
Calculate the highest common divisor of 239908 and 1009883.
1621
Calculate the highest common factor of 27114038 and 2009.
287
Calculate the highest common factor of 258 and 874338.
6
What is the highest common factor of 72 and 6373944?
72
Calculate the highest common divisor of 2089044 and 68494.
46
What is the highest common divisor of 266 and 2662793?
133
Calculate the highest common divisor of 5023222 and 428.
214
What is the highest common factor of 409485 and 120?
15
Calculate the greatest common divisor of 13281850 and 1545.
515
Calculate the highest common factor of 2095764 and 19602.
66
Calculate the greatest common divisor of 3792 and 115244884.
316
What is the highest common factor of 49448 and 8176?
56
Calculate the greatest common factor of 2397247 and 41099.
73
Calculate the highest common divisor of 1824916 and 2387412.
3196
What is the greatest common factor of 107672 and 896?
8
What is the greatest common factor of 216782 and 7550902?
2026
Calculate the greatest common divisor of 53400998 and 2597.
371
What is the greatest common divisor of 52364 and 7223476?
2756
Calculate the greatest common factor of 536 and 11482527.
67
Calculate the greatest common factor of 26030013 and 5385.
1077
Calculate the highest common divisor of 46918926 and 486.
486
What is the greatest common divisor of 9999 and 13281399?
909
What is the greatest common factor of 310275845 and 110?
55
Calculate the highest common factor of 3457570077 and 351.
351
Calculate the greatest common factor of 3638 and 143854.
34
What is the highest common divisor of 18 and 3116478?
6
What is the greatest common divisor of 14875871 and 280439?
3151
What is the greatest common factor of 35628880 and 14900?
2980
What is the highest common divisor of 580309044 and 2484?
276
Calculate the highest common factor of 192873378 and 1110.
222
Calculate the highest common divisor of 1 and 3856195.
1
Calculate the highest 